23
Suppose 3*z = 5*v - 16, 0 = 3*v + 2*v + 3*z - 4. Suppose -q + 54 = -2*r + 4*r, v*q - 8 = 0. Suppose s - r = -4. List the prime factors of s.
3, 7
Let d(f) = 4*f**3 + 2*f**2 - 4*f + 7. Let i(g) = -5*g**3 - 3*g**2 + 5*g - 7. Let z(p) = 6*d(p) + 5*i(p). What are the prime factors of z(-4)?
19
Suppose 5*i - 2*s - 14 = i, 3*i = 4*s + 13. Suppose -i*m + 318 = 3*m. List the prime factors of m.
53
Suppose -6*k + 88 = -122. List the prime factors of (3 - 0) + -2 + k.
2, 3
Suppose -5*x - 2*o - 2571 + 713 = 0, 2 = 2*o. Suppose 14*j + 31 = 3. What are the prime factors of x/(-28) - j/(-7)?
13
Suppose 0 = 2*d + 4*j - 66, 4*j - 15 = j. Let w = 10 - 6. Suppose d - w = p. What are the prime factors of p?
19
Let b(j) = 44*j + 7. Let f be b(7). Suppose 4*s + f = 6*k - k, k + 4*s = 63. List the prime factors of k.
3, 7
Suppose -13 = 4*m - 37. Suppose -5*f = m + 4. Let y = f + 10. What are the prime factors of y?
2
Let s = -7568 - -12882. List the prime factors of s.
2, 2657
Let j be ((-1)/(14/16))/(76/(-266)). Let k(s) be the second derivative of -s**5/20 + 7*s**4/12 - 7*s**3/6 + 3*s**2 + 2*s. What are the prime factors of k(j)?
2, 13
What are the prime factors of 1/3 + (431186/21)/19?
23, 47
Let o = 19 - 7. List the prime factors of o/102 + (-676)/(-34).
2, 5
Suppose -4*n + 464 = 3*j, n - 31 = -29. What are the prime factors of j?
2, 19
Let z be 10/2 - (0 + 3). Suppose 5*c + 74 = x, -169 = -5*x + z*c + 224. List the prime factors of x.
79
Suppose 5*j = 1812 + 1243. List the prime factors of j.
13, 47
Let x(f) = 2*f + 11. Let w be x(-15). Let g = -7 - w. Suppose 0 = 4*l + 4*s, l + g = 4*l - 3*s. List the prime factors of l.
2
Suppose 125 = 3*i + 4*t, -3*t + 92 - 8 = 2*i. List the prime factors of (4 + (-16)/6)*i.
2, 13
Let x(u) = u**3 - 13*u**2 - 112*u + 69. What are the prime factors of x(21)?
3, 5, 83
Suppose 4*l - 12*l = -56. Let a be -2 + 2 + 1 - 24. Let h = l - a. What are the prime factors of h?
2, 3, 5
Suppose 3*x + 1152 = 5*x + 2*s, 3*s + 1167 = 2*x. What are the prime factors of x?
3, 193
Let g(a) = a**3 + 12*a**2 + 23*a + 9. Let d(r) = -4*r**2 + 14*r. Let w be d(4). List the prime factors of g(w).
3
Suppose 7*b + 6 = 34. Suppose -b*o = j - 472, -97 = 4*o - 5*o + 5*j. List the prime factors of o.
3, 13
Let j = 15 - 12. Suppose 2*v - j*v = 5*a - 67, 4*a = 8. Suppose 3*q + v = 6*q. What are the prime factors of q?
19
Let k(a) = a**2 + 8*a + 4. Let v be k(-8). Suppose -5*b = v - 19. Let n(x) = x**3 - 4*x**2 + 5*x - 3. What are the prime factors of n(b)?
3
Suppose 0 = -o - 4, c + 6*o = 10*o + 373. What are the prime factors of c?
3, 7, 17
Suppose 17 + 43 = -5*j. Let l(y) be the third derivative of -y**5/60 - 5*y**4/8 - 3*y**3/2 + 4*y**2. List the prime factors of l(j).
3
Suppose 0 = 5*s + 10 - 0. Let l = s - -3. List the prime factors of (-1 + 0)/(l/(-27)).
3
Suppose -4*a + 4*g + 897 = -1091, -3*a = -5*g - 1491. List the prime factors of a.
7, 71
Suppose -2*f - 2 + 0 = 0. Let w be 8/6*-3*1. Let m = f - w. List the prime factors of m.
3
Suppose 4*o = -5*r + 6*o - 47, -4*r = -4*o + 40. Let b = r + 7. What are the prime factors of 6*2/(-2)*b?
2, 3
Let q = 1097 + 606. What are the prime factors of q?
13, 131
Let n = 17 - 24. Let d(u) = -u**2 - 13*u + 3. Let o be d(n). Suppose -2*b = 3*b - o. What are the prime factors of b?
3
Let b(w) = 17*w**2 - 4*w - 30. List the prime factors of b(-4).
2, 3, 43
Let v(b) = -b + 2. Suppose 3*u = -5*x - 17, 2*u - 5 = -3*u. What are the prime factors of v(x)?
2, 3
Let y = 7425 - 4965. What are the prime factors of y?
2, 3, 5, 41
Let a(y) = y**3 - 2*y**2 + 3*y - 1. Let v = 11 - 6. Let f be a(v). Suppose -5*t + 6 = 21, 3*t + f = 4*u. What are the prime factors of u?
2, 5
Let a = 46 - 30. Suppose -11 = -c + 3*k, 3*c - a = c + 4*k. Suppose 6*b - 140 = c*b. List the prime factors of b.
5, 7
Let h(i) = i**2 + 9*i - 30. Let r = -40 - -27. List the prime factors of h(r).
2, 11
Let n be ((-10)/(-8))/(4/(-16)). Let f = -6 - n. What are the prime factors of (6/(-9))/(f/36)?
2, 3
List the prime factors of (610/(-30) + 2)*-3.
5, 11
Suppose a - 4*f + 4 = -2*f, -2*a - 5*f + 19 = 0. Suppose -a*r + 189 = r. List the prime factors of (-4)/(-10)*(r + 2).
2, 13
Suppose 0 = 4*l - 28 + 12. Suppose -2*f - 20 = -l*f. List the prime factors of ((-18)/f)/(6/(-20)).
2, 3
Suppose -2*o - 5 = 5*v, 4*o - 13 = -v + 4. Suppose 795 = o*w - 3*m + 7*m, -2*m = -10. List the prime factors of w.
5, 31
Let s(q) = q**2. Let i be s(-1). Let r(j) be the first derivative of 11*j**4/4 - j**3/3 + j + 7. What are the prime factors of r(i)?
11
Suppose -7*n + 59 = -1313. List the prime factors of n.
2, 7
Let i = 36 + -32. Suppose -x + 321 = i*x + 4*h, 0 = -x - 3*h + 62. List the prime factors of x.
5, 13
Let j(o) = -3 + o**2 - 4*o + 0 + 0. Let p be (-6)/(-9) - 38/(-6). List the prime factors of j(p).
2, 3
Let f(i) = 576*i - 240. What are the prime factors of f(9)?
2, 3, 103
Let c(f) = -24*f + 87. List the prime factors of c(-12).
3, 5
Let a be 2 + 136 + -2 + -1. Let q be -3*(3 + -6 + 2). Suppose 0 = 3*h + q, 3*f + 26 - a = h. What are the prime factors of f?
2, 3
Let w(j) = 18*j + 576. List the prime factors of w(0).
2, 3
Let g(s) = 7*s - 23. Suppose -5*f - 11 = -56. What are the prime factors of g(f)?
2, 5
Suppose 0 = 6*k - 5*k - g - 1686, -4*g - 16 = 0. What are the prime factors of k?
2, 29
Let i(b) = 2*b**2 + 2 + 1 - 4*b + 10 + b**2. List the prime factors of i(-8).
3, 79
Suppose 5*t - 3*t - 4376 = -4*w, 5*w - 2203 = -t. What are the prime factors of t?
2, 3, 11
Let s(v) = -18*v**3 - 10*v**2 - 6*v - 17. What are the prime factors of s(-5)?
3, 11, 61
Let u(x) = x**3 + x**2 + 333. List the prime factors of u(0).
3, 37
Let p = -35 - -44. Let j(z) = -p - 5*z + 1 - 2 + 0*z. What are the prime factors of j(-8)?
2, 3, 5
Suppose -s = -5*r + 9940, 3976 = 2*r + 4*s - 9*s. List the prime factors of r.
2, 7, 71
Let v = -595 + 958. What are the prime factors of v?
3, 11
Let x(c) = -c**2 + 2*c + 19. Let i be x(6). What are the prime factors of 1*5*(6/i + 4)?
2, 7
Let z(f) = f**2 + 20*f + 64. Let m be z(-16). Suppose -5*o + y = -1288, o = -m*y + 2*y + 263. What are the prime factors of o?
257
Let u = 114 + -114. Suppose u*g + 4*g - 2*a = 622, -5*g = 5*a - 785. List the prime factors of g.
2, 3, 13
Let s = -123 - -67. Let h = 110 + s. List the prime factors of h.
2, 3
Suppose 2*l + q = 11, 4*l + 3*q - 9 = l. Let t(k) = 2*k**2 - 10. What are the prime factors of t(l)?
2, 59
Let m(o) = 5*o**2 + 5*o - 20. Let k be m(-6). List the prime factors of 1961/13 + 20/k.
151
Let c(y) = 2*y - 2*y - 6 - 6*y + 4*y + 2*y**2. Let v be c(3). Suppose -35 = -v*o + 25. List the prime factors of o.
2, 5
Let r(g) = g**3 + 6*g**2 - 4*g + 4. Let n be r(-7). Let u = n - -75. What are the prime factors of u?
2, 29
Suppose v + 3*v = -56. Let f = v - -13. List the prime factors of (18/30)/(f/(-45)).
3
Let o(x) be the second derivative of x**4/4 - x**3/6 + 9*x**2/2 - 3*x. List the prime factors of o(6).
3, 37
Let u(a) = a**2 - 5. Let s be u(-4). Suppose 0 = h - 1 - s. Suppose 7*p + 70 = h*p. List the prime factors of p.
2, 7
Suppose -2*n - 142 = 8. Let g = n - -149. What are the prime factors of g?
2, 37
What are the prime factors of (-7)/(21/(-1275)) + (-8 - -3)?
2, 3, 5, 7
Let s(g) = g**3 - 7*g**2 + 4*g + 8. Let v be s(6). Suppose 4*z - 128 = 4*n, 15 - 3 = -n - 4*z. List the prime factors of (-596)/n - v/(-14).
3, 7
Suppose 49 - 7 = -4*j + h, -j = 3*h + 4. What are the prime factors of (-2)/j + 585/75?
2
Suppose f - s - 38 - 32 = 0, 2*f + 5*s - 105 = 0. Let b = 1297 - 1290. Suppose 5*g + b = 3*w - f, 4*g + 31 = w. What are the prime factors of w?
19
Let o(g) = 6*g**2 + g - 1. Let t be o(1). Suppose -4*w - 58 = -t*w. List the prime factors of w.
29
Suppose -1908 = -u + 6*v - 9*v, 2*v - 6 = 0. What are the prime factors of u?
3, 211
Let z(s) be the third derivative of s**4/3 + s**3 + 2*s**2. List the prime factors of z(6).
2, 3
Let c(g) = 4*g**2 + g + 22. List the prime factors of c(-15).
907
Suppose 0 = 3*j - 0*q + q - 17, 0 = 2*q + 8. Suppose j*l - 28 + 0 = 0. Suppose -4*h - 112 = -4*s, 2*s + 3*h = l*s - 52. List the prime factors of s.
2
Let i = 1899 + -165. List the prime factors of i.
2, 3, 17
Suppose -21 = -3*d + 2*u - u, 5*d + 5*u = 35. Let b = -6 + 4. What are the prime factors of b/(-7) - (-124)/d?
2,